{"id":672,"date":"2022-09-21T09:26:29","date_gmt":"2022-09-21T09:26:29","guid":{"rendered":"https:\/\/www.enabags.es\/?post_type=product&#038;p=672"},"modified":"2023-12-14T08:22:37","modified_gmt":"2023-12-14T08:22:37","slug":"shopper-mini","status":"publish","type":"product","link":"https:\/\/www.enabags.es\/index.php\/producto\/shopper-mini\/","title":{"rendered":"BOLSO SHOPPER MINI BEIGE (Opci\u00f3n de personalizar)"},"content":{"rendered":"<p>Bolso mini, con asa para la mano y correa extra\u00edble y ajustable a modo bandolera. Color beige y estampado reptil. Cierre de cremallera y un cierre extra de bot\u00f3n con im\u00e1n. Bolsillo en su parte trasera exterior.<\/p>\n<p><em>&#8220;Este mini shopper no puede ser m\u00e1s mono y pr\u00e1ctico, creo que es una de las mejores compras que he podido hacer. \u00bfSon tendencia los mini bolsos o es cosa m\u00eda?&#8221;<\/em><\/p>\n","protected":false},"excerpt":{"rendered":"<p style=\"text-align: center;\">Bolso mini, con asa para la mano y correa extra\u00edble y ajustable a modo bandolera. Color <strong>beige<\/strong> y estampado reptil. Cierre de cremallera y un cierre extra de bot\u00f3n con im\u00e1n. Bolsillo en su parte trasera exterior.<\/p>\n<p style=\"text-align: center;\"><strong>PERSONALIZABLE CON TU NOMBRE O TUS INICIALES GRABADAS A L\u00c1SER EN EL PROPIO BOLSO.<\/strong><\/p>\n<p style=\"text-align: center;\">GASTOS DE ENV\u00cdO INCLUIDOS EN EL PRECIO.<\/p>\n<p style=\"text-align: center;\">(Disponible en color beige, negro y azul)<\/p>\n<p style=\"text-align: center;\">MEDIDAS: 18 cm ALTO x 22 cm LARGO x 10 cm ANCHO.<\/p>\n","protected":false},"featured_media":0,"comment_status":"open","ping_status":"closed","template":"","meta":[],"product_cat":[154,64,33,17,86],"product_tag":[],"class_list":["post-672","product","type-product","status-publish","hentry","product_cat-bolsos-coleccion-primavera-2024","product_cat-bandoleras-y-bolsos-de-hombro","product_cat-bolsos-pequenos","product_cat-ver-todo","product_cat-bolsos-personalizables-con-letras-grabadas"],"yoast_head":"<!-- This site is optimized with the Yoast SEO plugin v21.9.1 - https:\/\/yoast.com\/wordpress\/plugins\/seo\/ -->\n<title>BOLSO SHOPPER MINI BEIGE (Opci\u00f3n de personalizar) - Enabags<\/title>\n<meta name=\"robots\" content=\"index, follow, max-snippet:-1, max-image-preview:large, max-video-preview:-1\" \/>\n<link rel=\"canonical\" href=\"https:\/\/www.enabags.es\/index.php\/producto\/shopper-mini\/\" \/>\n<meta property=\"og:locale\" content=\"es_ES\" \/>\n<meta property=\"og:type\" content=\"article\" \/>\n<meta property=\"og:title\" content=\"BOLSO SHOPPER MINI BEIGE (Opci\u00f3n de personalizar) - Enabags\" \/>\n<meta property=\"og:description\" content=\"Bolso mini, con asa para la mano y correa extra\u00edble y ajustable a modo bandolera. Color beige y estampado reptil. Cierre de cremallera y un cierre extra de bot\u00f3n con im\u00e1n. Bolsillo en su parte trasera exterior. PERSONALIZABLE CON TU NOMBRE O TUS INICIALES GRABADAS A L\u00c1SER EN EL PROPIO BOLSO. GASTOS DE ENV\u00cdO INCLUIDOS EN EL PRECIO. (Disponible en color beige, negro y azul) MEDIDAS: 18 cm ALTO x 22 cm LARGO x 10 cm ANCHO.\" \/>\n<meta property=\"og:url\" content=\"https:\/\/www.enabags.es\/index.php\/producto\/shopper-mini\/\" \/>\n<meta property=\"og:site_name\" content=\"Enabags\" \/>\n<meta property=\"article:publisher\" content=\"https:\/\/www.facebook.com\/enabags.es\/\" \/>\n<meta property=\"article:modified_time\" content=\"2023-12-14T08:22:37+00:00\" \/>\n<meta property=\"og:image\" content=\"https:\/\/www.enabags.es\/wp-content\/uploads\/2022\/09\/IMG-9427-scaled.jpg\" \/>\n\t<meta property=\"og:image:width\" content=\"2223\" \/>\n\t<meta property=\"og:image:height\" content=\"2560\" \/>\n\t<meta property=\"og:image:type\" content=\"image\/jpeg\" \/>\n<meta name=\"twitter:card\" content=\"summary_large_image\" \/>\n<script type=\"application\/ld+json\" class=\"yoast-schema-graph\">{\"@context\":\"https:\/\/schema.org\",\"@graph\":[{\"@type\":\"WebPage\",\"@id\":\"https:\/\/www.enabags.es\/index.php\/producto\/shopper-mini\/\",\"url\":\"https:\/\/www.enabags.es\/index.php\/producto\/shopper-mini\/\",\"name\":\"BOLSO SHOPPER MINI BEIGE (Opci\u00f3n de personalizar) - Enabags\",\"isPartOf\":{\"@id\":\"https:\/\/www.enabags.es\/#website\"},\"datePublished\":\"2022-09-21T09:26:29+00:00\",\"dateModified\":\"2023-12-14T08:22:37+00:00\",\"breadcrumb\":{\"@id\":\"https:\/\/www.enabags.es\/index.php\/producto\/shopper-mini\/#breadcrumb\"},\"inLanguage\":\"es\",\"potentialAction\":[{\"@type\":\"ReadAction\",\"target\":[\"https:\/\/www.enabags.es\/index.php\/producto\/shopper-mini\/\"]}]},{\"@type\":\"BreadcrumbList\",\"@id\":\"https:\/\/www.enabags.es\/index.php\/producto\/shopper-mini\/#breadcrumb\",\"itemListElement\":[{\"@type\":\"ListItem\",\"position\":1,\"name\":\"Portada\",\"item\":\"https:\/\/www.enabags.es\/\"},{\"@type\":\"ListItem\",\"position\":2,\"name\":\"Tienda\",\"item\":\"https:\/\/www.enabags.es\/index.php\/tienda\/\"},{\"@type\":\"ListItem\",\"position\":3,\"name\":\"BOLSO SHOPPER MINI BEIGE (Opci\u00f3n de personalizar)\"}]},{\"@type\":\"WebSite\",\"@id\":\"https:\/\/www.enabags.es\/#website\",\"url\":\"https:\/\/www.enabags.es\/\",\"name\":\"ENABAGS.ES\",\"description\":\"ENABAGS\",\"potentialAction\":[{\"@type\":\"SearchAction\",\"target\":{\"@type\":\"EntryPoint\",\"urlTemplate\":\"https:\/\/www.enabags.es\/?s={search_term_string}\"},\"query-input\":\"required name=search_term_string\"}],\"inLanguage\":\"es\"}]}<\/script>\n<!-- \/ Yoast SEO plugin. -->","yoast_head_json":{"title":"BOLSO SHOPPER MINI BEIGE (Opci\u00f3n de personalizar) - Enabags","robots":{"index":"index","follow":"follow","max-snippet":"max-snippet:-1","max-image-preview":"max-image-preview:large","max-video-preview":"max-video-preview:-1"},"canonical":"https:\/\/www.enabags.es\/index.php\/producto\/shopper-mini\/","og_locale":"es_ES","og_type":"article","og_title":"BOLSO SHOPPER MINI BEIGE (Opci\u00f3n de personalizar) - Enabags","og_description":"Bolso mini, con asa para la mano y correa extra\u00edble y ajustable a modo bandolera. Color beige y estampado reptil. Cierre de cremallera y un cierre extra de bot\u00f3n con im\u00e1n. Bolsillo en su parte trasera exterior. PERSONALIZABLE CON TU NOMBRE O TUS INICIALES GRABADAS A L\u00c1SER EN EL PROPIO BOLSO. GASTOS DE ENV\u00cdO INCLUIDOS EN EL PRECIO. (Disponible en color beige, negro y azul) MEDIDAS: 18 cm ALTO x 22 cm LARGO x 10 cm ANCHO.","og_url":"https:\/\/www.enabags.es\/index.php\/producto\/shopper-mini\/","og_site_name":"Enabags","article_publisher":"https:\/\/www.facebook.com\/enabags.es\/","article_modified_time":"2023-12-14T08:22:37+00:00","og_image":[{"width":2223,"height":2560,"url":"https:\/\/www.enabags.es\/wp-content\/uploads\/2022\/09\/IMG-9427-scaled.jpg","type":"image\/jpeg"}],"twitter_card":"summary_large_image","schema":{"@context":"https:\/\/schema.org","@graph":[{"@type":"WebPage","@id":"https:\/\/www.enabags.es\/index.php\/producto\/shopper-mini\/","url":"https:\/\/www.enabags.es\/index.php\/producto\/shopper-mini\/","name":"BOLSO SHOPPER MINI BEIGE (Opci\u00f3n de personalizar) - Enabags","isPartOf":{"@id":"https:\/\/www.enabags.es\/#website"},"datePublished":"2022-09-21T09:26:29+00:00","dateModified":"2023-12-14T08:22:37+00:00","breadcrumb":{"@id":"https:\/\/www.enabags.es\/index.php\/producto\/shopper-mini\/#breadcrumb"},"inLanguage":"es","potentialAction":[{"@type":"ReadAction","target":["https:\/\/www.enabags.es\/index.php\/producto\/shopper-mini\/"]}]},{"@type":"BreadcrumbList","@id":"https:\/\/www.enabags.es\/index.php\/producto\/shopper-mini\/#breadcrumb","itemListElement":[{"@type":"ListItem","position":1,"name":"Portada","item":"https:\/\/www.enabags.es\/"},{"@type":"ListItem","position":2,"name":"Tienda","item":"https:\/\/www.enabags.es\/index.php\/tienda\/"},{"@type":"ListItem","position":3,"name":"BOLSO SHOPPER MINI BEIGE (Opci\u00f3n de personalizar)"}]},{"@type":"WebSite","@id":"https:\/\/www.enabags.es\/#website","url":"https:\/\/www.enabags.es\/","name":"ENABAGS.ES","description":"ENABAGS","potentialAction":[{"@type":"SearchAction","target":{"@type":"EntryPoint","urlTemplate":"https:\/\/www.enabags.es\/?s={search_term_string}"},"query-input":"required name=search_term_string"}],"inLanguage":"es"}]}},"_links":{"self":[{"href":"https:\/\/www.enabags.es\/index.php\/wp-json\/wp\/v2\/product\/672","targetHints":{"allow":["GET"]}}],"collection":[{"href":"https:\/\/www.enabags.es\/index.php\/wp-json\/wp\/v2\/product"}],"about":[{"href":"https:\/\/www.enabags.es\/index.php\/wp-json\/wp\/v2\/types\/product"}],"replies":[{"embeddable":true,"href":"https:\/\/www.enabags.es\/index.php\/wp-json\/wp\/v2\/comments?post=672"}],"wp:attachment":[{"href":"https:\/\/www.enabags.es\/index.php\/wp-json\/wp\/v2\/media?parent=672"}],"wp:term":[{"taxonomy":"product_cat","embeddable":true,"href":"https:\/\/www.enabags.es\/index.php\/wp-json\/wp\/v2\/product_cat?post=672"},{"taxonomy":"product_tag","embeddable":true,"href":"https:\/\/www.enabags.es\/index.php\/wp-json\/wp\/v2\/product_tag?post=672"}],"curies":[{"name":"wp","href":"https:\/\/api.w.org\/{rel}","templated":true}]}}