{"id":2216,"date":"2023-08-05T10:14:54","date_gmt":"2023-08-05T10:14:54","guid":{"rendered":"https:\/\/www.enabags.es\/?post_type=product&#038;p=2216"},"modified":"2023-08-05T10:19:07","modified_gmt":"2023-08-05T10:19:07","slug":"maleta-viaje-mod-camboya-negra-abs-55-con-ruedas-extensible-pequena-modelo-cabina","status":"publish","type":"product","link":"https:\/\/www.enabags.es\/index.php\/producto\/maleta-viaje-mod-camboya-negra-abs-55-con-ruedas-extensible-pequena-modelo-cabina\/","title":{"rendered":"MALETA VIAJE MOD. CAMBOYA NEGRA ABS 55 CON RUEDAS EXTENSIBLE PEQUE\u00d1A MODELO CABINA"},"content":{"rendered":"<p>MALETA DE VIAJE EXCLUSIVO MODELO CAMBOYA<\/p>\n<p>MARCA: ROLL ROAD<\/p>\n<p>EXTENSIBLE: PUEDE HACERSE M\u00c1S GRANDE 5 CM<\/p>\n<p>&nbsp;<\/p>\n<p>MALETA PEQUE\u00d1A:<\/p>\n<p>37 LITROS, 2,5 KG<\/p>\n<p>55 X 40 X 20 CM<\/p>\n<p>&nbsp;<\/p>\n<p>&nbsp;<\/p>\n<p>&nbsp;<\/p>\n","protected":false},"excerpt":{"rendered":"<p style=\"text-align: center;\">MALETA DE VIAJE EXCLUSIVO MODELO CAMBOYA<\/p>\n<p style=\"text-align: center;\">MARCA: ROLL ROAD<\/p>\n<p style=\"text-align: center;\">EXTENSIBLE: PUEDE HACERSE M\u00c1S GRANDE 5 CM<\/p>\n<p style=\"text-align: center;\">MALETA PEQUE\u00d1A:<\/p>\n<p style=\"text-align: center;\">37 LITROS, 2,5 KG<\/p>\n<p style=\"text-align: center;\">55 X 40 X 20 CM<\/p>\n<p style=\"text-align: center;\">ENV\u00cdOS GRATIS<\/p>\n","protected":false},"featured_media":0,"comment_status":"open","ping_status":"closed","template":"","meta":[],"product_cat":[110,17],"product_tag":[135,134,137],"class_list":["post-2216","product","type-product","status-publish","hentry","product_cat-mochilas-viaje","product_cat-ver-todo","product_tag-conjunto-3-maletas-viaje","product_tag-maletas-viaje","product_tag-maletas-viaje-color-rosa"],"yoast_head":"<!-- This site is optimized with the Yoast SEO plugin v21.9.1 - https:\/\/yoast.com\/wordpress\/plugins\/seo\/ -->\n<title>MALETA VIAJE MOD. CAMBOYA NEGRA ABS 55 CON RUEDAS EXTENSIBLE PEQUE\u00d1A MODELO CABINA - Enabags<\/title>\n<meta name=\"robots\" content=\"index, follow, max-snippet:-1, max-image-preview:large, max-video-preview:-1\" \/>\n<link rel=\"canonical\" href=\"https:\/\/www.enabags.es\/index.php\/producto\/maleta-viaje-mod-camboya-negra-abs-55-con-ruedas-extensible-pequena-modelo-cabina\/\" \/>\n<meta property=\"og:locale\" content=\"es_ES\" \/>\n<meta property=\"og:type\" content=\"article\" \/>\n<meta property=\"og:title\" content=\"MALETA VIAJE MOD. CAMBOYA NEGRA ABS 55 CON RUEDAS EXTENSIBLE PEQUE\u00d1A MODELO CABINA - Enabags\" \/>\n<meta property=\"og:description\" content=\"MALETA DE VIAJE EXCLUSIVO MODELO CAMBOYA MARCA: ROLL ROAD EXTENSIBLE: PUEDE HACERSE M\u00c1S GRANDE 5 CM MALETA PEQUE\u00d1A: 37 LITROS, 2,5 KG 55 X 40 X 20 CM ENV\u00cdOS GRATIS\" \/>\n<meta property=\"og:url\" content=\"https:\/\/www.enabags.es\/index.php\/producto\/maleta-viaje-mod-camboya-negra-abs-55-con-ruedas-extensible-pequena-modelo-cabina\/\" \/>\n<meta property=\"og:site_name\" content=\"Enabags\" \/>\n<meta property=\"article:publisher\" content=\"https:\/\/www.facebook.com\/enabags.es\/\" \/>\n<meta property=\"article:modified_time\" content=\"2023-08-05T10:19:07+00:00\" \/>\n<meta property=\"og:image\" content=\"https:\/\/www.enabags.es\/wp-content\/uploads\/2023\/08\/MALETA-ABS-55CM-4R-CAMBOYA-NEGRA-Y-MEDIDAS.jpg\" \/>\n\t<meta property=\"og:image:width\" content=\"645\" \/>\n\t<meta property=\"og:image:height\" content=\"495\" \/>\n\t<meta property=\"og:image:type\" content=\"image\/jpeg\" \/>\n<meta name=\"twitter:card\" content=\"summary_large_image\" \/>\n<script type=\"application\/ld+json\" class=\"yoast-schema-graph\">{\"@context\":\"https:\/\/schema.org\",\"@graph\":[{\"@type\":\"WebPage\",\"@id\":\"https:\/\/www.enabags.es\/index.php\/producto\/maleta-viaje-mod-camboya-negra-abs-55-con-ruedas-extensible-pequena-modelo-cabina\/\",\"url\":\"https:\/\/www.enabags.es\/index.php\/producto\/maleta-viaje-mod-camboya-negra-abs-55-con-ruedas-extensible-pequena-modelo-cabina\/\",\"name\":\"MALETA VIAJE MOD. CAMBOYA NEGRA ABS 55 CON RUEDAS EXTENSIBLE PEQUE\u00d1A MODELO CABINA - Enabags\",\"isPartOf\":{\"@id\":\"https:\/\/www.enabags.es\/#website\"},\"datePublished\":\"2023-08-05T10:14:54+00:00\",\"dateModified\":\"2023-08-05T10:19:07+00:00\",\"breadcrumb\":{\"@id\":\"https:\/\/www.enabags.es\/index.php\/producto\/maleta-viaje-mod-camboya-negra-abs-55-con-ruedas-extensible-pequena-modelo-cabina\/#breadcrumb\"},\"inLanguage\":\"es\",\"potentialAction\":[{\"@type\":\"ReadAction\",\"target\":[\"https:\/\/www.enabags.es\/index.php\/producto\/maleta-viaje-mod-camboya-negra-abs-55-con-ruedas-extensible-pequena-modelo-cabina\/\"]}]},{\"@type\":\"BreadcrumbList\",\"@id\":\"https:\/\/www.enabags.es\/index.php\/producto\/maleta-viaje-mod-camboya-negra-abs-55-con-ruedas-extensible-pequena-modelo-cabina\/#breadcrumb\",\"itemListElement\":[{\"@type\":\"ListItem\",\"position\":1,\"name\":\"Portada\",\"item\":\"https:\/\/www.enabags.es\/\"},{\"@type\":\"ListItem\",\"position\":2,\"name\":\"Tienda\",\"item\":\"https:\/\/www.enabags.es\/index.php\/tienda\/\"},{\"@type\":\"ListItem\",\"position\":3,\"name\":\"MALETA VIAJE MOD. CAMBOYA NEGRA ABS 55 CON RUEDAS EXTENSIBLE PEQUE\u00d1A MODELO CABINA\"}]},{\"@type\":\"WebSite\",\"@id\":\"https:\/\/www.enabags.es\/#website\",\"url\":\"https:\/\/www.enabags.es\/\",\"name\":\"ENABAGS.ES\",\"description\":\"ENABAGS\",\"potentialAction\":[{\"@type\":\"SearchAction\",\"target\":{\"@type\":\"EntryPoint\",\"urlTemplate\":\"https:\/\/www.enabags.es\/?s={search_term_string}\"},\"query-input\":\"required name=search_term_string\"}],\"inLanguage\":\"es\"}]}<\/script>\n<!-- \/ Yoast SEO plugin. -->","yoast_head_json":{"title":"MALETA VIAJE MOD. CAMBOYA NEGRA ABS 55 CON RUEDAS EXTENSIBLE PEQUE\u00d1A MODELO CABINA - Enabags","robots":{"index":"index","follow":"follow","max-snippet":"max-snippet:-1","max-image-preview":"max-image-preview:large","max-video-preview":"max-video-preview:-1"},"canonical":"https:\/\/www.enabags.es\/index.php\/producto\/maleta-viaje-mod-camboya-negra-abs-55-con-ruedas-extensible-pequena-modelo-cabina\/","og_locale":"es_ES","og_type":"article","og_title":"MALETA VIAJE MOD. CAMBOYA NEGRA ABS 55 CON RUEDAS EXTENSIBLE PEQUE\u00d1A MODELO CABINA - Enabags","og_description":"MALETA DE VIAJE EXCLUSIVO MODELO CAMBOYA MARCA: ROLL ROAD EXTENSIBLE: PUEDE HACERSE M\u00c1S GRANDE 5 CM MALETA PEQUE\u00d1A: 37 LITROS, 2,5 KG 55 X 40 X 20 CM ENV\u00cdOS GRATIS","og_url":"https:\/\/www.enabags.es\/index.php\/producto\/maleta-viaje-mod-camboya-negra-abs-55-con-ruedas-extensible-pequena-modelo-cabina\/","og_site_name":"Enabags","article_publisher":"https:\/\/www.facebook.com\/enabags.es\/","article_modified_time":"2023-08-05T10:19:07+00:00","og_image":[{"width":645,"height":495,"url":"https:\/\/www.enabags.es\/wp-content\/uploads\/2023\/08\/MALETA-ABS-55CM-4R-CAMBOYA-NEGRA-Y-MEDIDAS.jpg","type":"image\/jpeg"}],"twitter_card":"summary_large_image","schema":{"@context":"https:\/\/schema.org","@graph":[{"@type":"WebPage","@id":"https:\/\/www.enabags.es\/index.php\/producto\/maleta-viaje-mod-camboya-negra-abs-55-con-ruedas-extensible-pequena-modelo-cabina\/","url":"https:\/\/www.enabags.es\/index.php\/producto\/maleta-viaje-mod-camboya-negra-abs-55-con-ruedas-extensible-pequena-modelo-cabina\/","name":"MALETA VIAJE MOD. CAMBOYA NEGRA ABS 55 CON RUEDAS EXTENSIBLE PEQUE\u00d1A MODELO CABINA - Enabags","isPartOf":{"@id":"https:\/\/www.enabags.es\/#website"},"datePublished":"2023-08-05T10:14:54+00:00","dateModified":"2023-08-05T10:19:07+00:00","breadcrumb":{"@id":"https:\/\/www.enabags.es\/index.php\/producto\/maleta-viaje-mod-camboya-negra-abs-55-con-ruedas-extensible-pequena-modelo-cabina\/#breadcrumb"},"inLanguage":"es","potentialAction":[{"@type":"ReadAction","target":["https:\/\/www.enabags.es\/index.php\/producto\/maleta-viaje-mod-camboya-negra-abs-55-con-ruedas-extensible-pequena-modelo-cabina\/"]}]},{"@type":"BreadcrumbList","@id":"https:\/\/www.enabags.es\/index.php\/producto\/maleta-viaje-mod-camboya-negra-abs-55-con-ruedas-extensible-pequena-modelo-cabina\/#breadcrumb","itemListElement":[{"@type":"ListItem","position":1,"name":"Portada","item":"https:\/\/www.enabags.es\/"},{"@type":"ListItem","position":2,"name":"Tienda","item":"https:\/\/www.enabags.es\/index.php\/tienda\/"},{"@type":"ListItem","position":3,"name":"MALETA VIAJE MOD. CAMBOYA NEGRA ABS 55 CON RUEDAS EXTENSIBLE PEQUE\u00d1A MODELO CABINA"}]},{"@type":"WebSite","@id":"https:\/\/www.enabags.es\/#website","url":"https:\/\/www.enabags.es\/","name":"ENABAGS.ES","description":"ENABAGS","potentialAction":[{"@type":"SearchAction","target":{"@type":"EntryPoint","urlTemplate":"https:\/\/www.enabags.es\/?s={search_term_string}"},"query-input":"required name=search_term_string"}],"inLanguage":"es"}]}},"_links":{"self":[{"href":"https:\/\/www.enabags.es\/index.php\/wp-json\/wp\/v2\/product\/2216","targetHints":{"allow":["GET"]}}],"collection":[{"href":"https:\/\/www.enabags.es\/index.php\/wp-json\/wp\/v2\/product"}],"about":[{"href":"https:\/\/www.enabags.es\/index.php\/wp-json\/wp\/v2\/types\/product"}],"replies":[{"embeddable":true,"href":"https:\/\/www.enabags.es\/index.php\/wp-json\/wp\/v2\/comments?post=2216"}],"wp:attachment":[{"href":"https:\/\/www.enabags.es\/index.php\/wp-json\/wp\/v2\/media?parent=2216"}],"wp:term":[{"taxonomy":"product_cat","embeddable":true,"href":"https:\/\/www.enabags.es\/index.php\/wp-json\/wp\/v2\/product_cat?post=2216"},{"taxonomy":"product_tag","embeddable":true,"href":"https:\/\/www.enabags.es\/index.php\/wp-json\/wp\/v2\/product_tag?post=2216"}],"curies":[{"name":"wp","href":"https:\/\/api.w.org\/{rel}","templated":true}]}}