{"id":2099,"date":"2023-06-23T19:02:31","date_gmt":"2023-06-23T19:02:31","guid":{"rendered":"https:\/\/www.enabags.es\/?post_type=product&#038;p=2099"},"modified":"2024-02-22T11:06:22","modified_gmt":"2024-02-22T11:06:22","slug":"bolsa-deporte-gris-claro-personalizable","status":"publish","type":"product","link":"https:\/\/www.enabags.es\/index.php\/producto\/bolsa-deporte-gris-claro-personalizable\/","title":{"rendered":"BOLSA DEPORTE GRIS CLARO PERSONALIZABLE"},"content":{"rendered":"<p>Bolso grande estilo deportivo y de viaje color GRIS CLARO. Con cremallera. De piel sint\u00e9tica. Con asas y correa ajustable y extra\u00edble para el hombro. Bolsillo peque\u00f1o exterior con cremallera. Varios departamentos en su interior. Detalle de letras escritas.<\/p>\n<p><em>&#8220;Algo en lo que se parece el deporte y viajar es en que siempre es buen momento para hacerlo. El deporte genera endorfinas (hormona de la felicidad), previene enfermedades, enfortalece, alarga la vida&#8230; Viajar te proporciona mucho aprendizaje, abres la mente a nuevas oportunidades y ampl\u00edas tu horizonte, reduce el miedo&#8230; Deber\u00edamos hacerlo con una frecuencia bastante alta entonces, \u00bfno? &#8220;<\/em><\/p>\n","protected":false},"excerpt":{"rendered":"<p style=\"text-align: center;\">Bolso grande estilo deportivo o de viaje color <strong>gris claro<\/strong>. Con cremallera. De piel sint\u00e9tica. Con asas y correa ajustable y extra\u00edble para el hombro. Bolsillo peque\u00f1o exterior con cremallera. Varios departamentos en su interior.<\/p>\n<p style=\"text-align: center;\">MEDIDAS: 30 CM ALTO X 45 CM DE LARGO X 24 DE ANCHO.<\/p>\n<p style=\"text-align: center;\"><strong>\u00a0PERSONALIZABLE CON LETRAS GRABADAS A L\u00c1SER EN EL PROPIO BOLSO.<\/strong><\/p>\n<p style=\"text-align: center;\">(Disponible con otros colores y tama\u00f1os)<\/p>\n","protected":false},"featured_media":0,"comment_status":"open","ping_status":"closed","template":"","meta":[],"product_cat":[110,123,108,111,113,37,17,86],"product_tag":[],"class_list":["post-2099","product","type-product","status-publish","hentry","product_cat-mochilas-viaje","product_cat-deporte","product_cat-hombre","product_cat-bolsas-deporte","product_cat-mujer","product_cat-bolsos-de-viaje","product_cat-ver-todo","product_cat-bolsos-personalizables-con-letras-grabadas"],"yoast_head":"<!-- This site is optimized with the Yoast SEO plugin v21.9.1 - https:\/\/yoast.com\/wordpress\/plugins\/seo\/ -->\n<title>BOLSA DEPORTE GRIS CLARO PERSONALIZABLE - Enabags<\/title>\n<meta name=\"robots\" content=\"index, follow, max-snippet:-1, max-image-preview:large, max-video-preview:-1\" \/>\n<link rel=\"canonical\" href=\"https:\/\/www.enabags.es\/index.php\/producto\/bolsa-deporte-gris-claro-personalizable\/\" \/>\n<meta property=\"og:locale\" content=\"es_ES\" \/>\n<meta property=\"og:type\" content=\"article\" \/>\n<meta property=\"og:title\" content=\"BOLSA DEPORTE GRIS CLARO PERSONALIZABLE - Enabags\" \/>\n<meta property=\"og:description\" content=\"Bolso grande estilo deportivo o de viaje color gris claro. Con cremallera. De piel sint\u00e9tica. Con asas y correa ajustable y extra\u00edble para el hombro. Bolsillo peque\u00f1o exterior con cremallera. Varios departamentos en su interior. MEDIDAS: 30 CM ALTO X 45 CM DE LARGO X 24 DE ANCHO. \u00a0PERSONALIZABLE CON LETRAS GRABADAS A L\u00c1SER EN EL PROPIO BOLSO. (Disponible con otros colores y tama\u00f1os)\" \/>\n<meta property=\"og:url\" content=\"https:\/\/www.enabags.es\/index.php\/producto\/bolsa-deporte-gris-claro-personalizable\/\" \/>\n<meta property=\"og:site_name\" content=\"Enabags\" \/>\n<meta property=\"article:publisher\" content=\"https:\/\/www.facebook.com\/enabags.es\/\" \/>\n<meta property=\"article:modified_time\" content=\"2024-02-22T11:06:22+00:00\" \/>\n<meta property=\"og:image\" content=\"https:\/\/www.enabags.es\/wp-content\/uploads\/2022\/12\/WhatsApp-Image-2023-06-23-at-20.01.03-7.jpeg\" \/>\n\t<meta property=\"og:image:width\" content=\"1024\" \/>\n\t<meta property=\"og:image:height\" content=\"999\" \/>\n\t<meta property=\"og:image:type\" content=\"image\/jpeg\" \/>\n<meta name=\"twitter:card\" content=\"summary_large_image\" \/>\n<meta name=\"twitter:label1\" content=\"Tiempo de lectura\" \/>\n\t<meta name=\"twitter:data1\" content=\"1 minuto\" \/>\n<script type=\"application\/ld+json\" class=\"yoast-schema-graph\">{\"@context\":\"https:\/\/schema.org\",\"@graph\":[{\"@type\":\"WebPage\",\"@id\":\"https:\/\/www.enabags.es\/index.php\/producto\/bolsa-deporte-gris-claro-personalizable\/\",\"url\":\"https:\/\/www.enabags.es\/index.php\/producto\/bolsa-deporte-gris-claro-personalizable\/\",\"name\":\"BOLSA DEPORTE GRIS CLARO PERSONALIZABLE - Enabags\",\"isPartOf\":{\"@id\":\"https:\/\/www.enabags.es\/#website\"},\"datePublished\":\"2023-06-23T19:02:31+00:00\",\"dateModified\":\"2024-02-22T11:06:22+00:00\",\"breadcrumb\":{\"@id\":\"https:\/\/www.enabags.es\/index.php\/producto\/bolsa-deporte-gris-claro-personalizable\/#breadcrumb\"},\"inLanguage\":\"es\",\"potentialAction\":[{\"@type\":\"ReadAction\",\"target\":[\"https:\/\/www.enabags.es\/index.php\/producto\/bolsa-deporte-gris-claro-personalizable\/\"]}]},{\"@type\":\"BreadcrumbList\",\"@id\":\"https:\/\/www.enabags.es\/index.php\/producto\/bolsa-deporte-gris-claro-personalizable\/#breadcrumb\",\"itemListElement\":[{\"@type\":\"ListItem\",\"position\":1,\"name\":\"Portada\",\"item\":\"https:\/\/www.enabags.es\/\"},{\"@type\":\"ListItem\",\"position\":2,\"name\":\"Tienda\",\"item\":\"https:\/\/www.enabags.es\/index.php\/tienda\/\"},{\"@type\":\"ListItem\",\"position\":3,\"name\":\"BOLSA DEPORTE GRIS CLARO PERSONALIZABLE\"}]},{\"@type\":\"WebSite\",\"@id\":\"https:\/\/www.enabags.es\/#website\",\"url\":\"https:\/\/www.enabags.es\/\",\"name\":\"ENABAGS.ES\",\"description\":\"ENABAGS\",\"potentialAction\":[{\"@type\":\"SearchAction\",\"target\":{\"@type\":\"EntryPoint\",\"urlTemplate\":\"https:\/\/www.enabags.es\/?s={search_term_string}\"},\"query-input\":\"required name=search_term_string\"}],\"inLanguage\":\"es\"}]}<\/script>\n<!-- \/ Yoast SEO plugin. -->","yoast_head_json":{"title":"BOLSA DEPORTE GRIS CLARO PERSONALIZABLE - Enabags","robots":{"index":"index","follow":"follow","max-snippet":"max-snippet:-1","max-image-preview":"max-image-preview:large","max-video-preview":"max-video-preview:-1"},"canonical":"https:\/\/www.enabags.es\/index.php\/producto\/bolsa-deporte-gris-claro-personalizable\/","og_locale":"es_ES","og_type":"article","og_title":"BOLSA DEPORTE GRIS CLARO PERSONALIZABLE - Enabags","og_description":"Bolso grande estilo deportivo o de viaje color gris claro. Con cremallera. De piel sint\u00e9tica. Con asas y correa ajustable y extra\u00edble para el hombro. Bolsillo peque\u00f1o exterior con cremallera. Varios departamentos en su interior. MEDIDAS: 30 CM ALTO X 45 CM DE LARGO X 24 DE ANCHO. \u00a0PERSONALIZABLE CON LETRAS GRABADAS A L\u00c1SER EN EL PROPIO BOLSO. (Disponible con otros colores y tama\u00f1os)","og_url":"https:\/\/www.enabags.es\/index.php\/producto\/bolsa-deporte-gris-claro-personalizable\/","og_site_name":"Enabags","article_publisher":"https:\/\/www.facebook.com\/enabags.es\/","article_modified_time":"2024-02-22T11:06:22+00:00","og_image":[{"width":1024,"height":999,"url":"https:\/\/www.enabags.es\/wp-content\/uploads\/2022\/12\/WhatsApp-Image-2023-06-23-at-20.01.03-7.jpeg","type":"image\/jpeg"}],"twitter_card":"summary_large_image","twitter_misc":{"Tiempo de lectura":"1 minuto"},"schema":{"@context":"https:\/\/schema.org","@graph":[{"@type":"WebPage","@id":"https:\/\/www.enabags.es\/index.php\/producto\/bolsa-deporte-gris-claro-personalizable\/","url":"https:\/\/www.enabags.es\/index.php\/producto\/bolsa-deporte-gris-claro-personalizable\/","name":"BOLSA DEPORTE GRIS CLARO PERSONALIZABLE - Enabags","isPartOf":{"@id":"https:\/\/www.enabags.es\/#website"},"datePublished":"2023-06-23T19:02:31+00:00","dateModified":"2024-02-22T11:06:22+00:00","breadcrumb":{"@id":"https:\/\/www.enabags.es\/index.php\/producto\/bolsa-deporte-gris-claro-personalizable\/#breadcrumb"},"inLanguage":"es","potentialAction":[{"@type":"ReadAction","target":["https:\/\/www.enabags.es\/index.php\/producto\/bolsa-deporte-gris-claro-personalizable\/"]}]},{"@type":"BreadcrumbList","@id":"https:\/\/www.enabags.es\/index.php\/producto\/bolsa-deporte-gris-claro-personalizable\/#breadcrumb","itemListElement":[{"@type":"ListItem","position":1,"name":"Portada","item":"https:\/\/www.enabags.es\/"},{"@type":"ListItem","position":2,"name":"Tienda","item":"https:\/\/www.enabags.es\/index.php\/tienda\/"},{"@type":"ListItem","position":3,"name":"BOLSA DEPORTE GRIS CLARO PERSONALIZABLE"}]},{"@type":"WebSite","@id":"https:\/\/www.enabags.es\/#website","url":"https:\/\/www.enabags.es\/","name":"ENABAGS.ES","description":"ENABAGS","potentialAction":[{"@type":"SearchAction","target":{"@type":"EntryPoint","urlTemplate":"https:\/\/www.enabags.es\/?s={search_term_string}"},"query-input":"required name=search_term_string"}],"inLanguage":"es"}]}},"_links":{"self":[{"href":"https:\/\/www.enabags.es\/index.php\/wp-json\/wp\/v2\/product\/2099","targetHints":{"allow":["GET"]}}],"collection":[{"href":"https:\/\/www.enabags.es\/index.php\/wp-json\/wp\/v2\/product"}],"about":[{"href":"https:\/\/www.enabags.es\/index.php\/wp-json\/wp\/v2\/types\/product"}],"replies":[{"embeddable":true,"href":"https:\/\/www.enabags.es\/index.php\/wp-json\/wp\/v2\/comments?post=2099"}],"wp:attachment":[{"href":"https:\/\/www.enabags.es\/index.php\/wp-json\/wp\/v2\/media?parent=2099"}],"wp:term":[{"taxonomy":"product_cat","embeddable":true,"href":"https:\/\/www.enabags.es\/index.php\/wp-json\/wp\/v2\/product_cat?post=2099"},{"taxonomy":"product_tag","embeddable":true,"href":"https:\/\/www.enabags.es\/index.php\/wp-json\/wp\/v2\/product_tag?post=2099"}],"curies":[{"name":"wp","href":"https:\/\/api.w.org\/{rel}","templated":true}]}}