{"id":1384,"date":"2023-02-01T18:03:30","date_gmt":"2023-02-01T18:03:30","guid":{"rendered":"https:\/\/www.enabags.es\/?post_type=product&#038;p=1384"},"modified":"2025-06-01T13:49:07","modified_gmt":"2025-06-01T13:49:07","slug":"bufanda-manchas-gris-y-negra","status":"publish","type":"product","link":"https:\/\/www.enabags.es\/index.php\/producto\/bufanda-manchas-gris-y-negra\/","title":{"rendered":"BUFANDA ESTAMPADO MANCHAS GRIS Y NEGRA"},"content":{"rendered":"<p>Bufanda color GRIS Y NEGRA con detalles de manchas. S\u00faper calentita y c\u00f3moda, ideal para un outfit formal o informal.<\/p>\n","protected":false},"excerpt":{"rendered":"<p style=\"text-align: center;\">Bufanda color GRIS Y NEGRA con detalles de manchas. S\u00faper calentita y c\u00f3moda, ideal para un outfit formal o informal.<\/p>\n<p style=\"text-align: center;\">MEDIDAS: 68 CM X 200 CM<\/p>\n<p style=\"text-align: center;\">COMPOSICI\u00d3N MATERIALES: 70 % poli\u00e9ster, 30 % VISCOSA.<\/p>\n<p style=\"text-align: center;\">GASTOS DE ENV\u00cdO INCLUIDOS EN EL PECIO.<\/p>\n","protected":false},"featured_media":0,"comment_status":"open","ping_status":"closed","template":"","meta":[],"product_cat":[113,120,17,94],"product_tag":[],"class_list":["post-1384","product","type-product","status-publish","hentry","product_cat-mujer","product_cat-bufandas-panuelos","product_cat-ver-todo","product_cat-complementos"],"yoast_head":"<!-- This site is optimized with the Yoast SEO plugin v21.9.1 - https:\/\/yoast.com\/wordpress\/plugins\/seo\/ -->\n<title>BUFANDA ESTAMPADO MANCHAS GRIS Y NEGRA - Enabags<\/title>\n<meta name=\"robots\" content=\"index, follow, max-snippet:-1, max-image-preview:large, max-video-preview:-1\" \/>\n<link rel=\"canonical\" href=\"https:\/\/www.enabags.es\/index.php\/producto\/bufanda-manchas-gris-y-negra\/\" \/>\n<meta property=\"og:locale\" content=\"es_ES\" \/>\n<meta property=\"og:type\" content=\"article\" \/>\n<meta property=\"og:title\" content=\"BUFANDA ESTAMPADO MANCHAS GRIS Y NEGRA - Enabags\" \/>\n<meta property=\"og:description\" content=\"Bufanda color GRIS Y NEGRA con detalles de manchas. S\u00faper calentita y c\u00f3moda, ideal para un outfit formal o informal. MEDIDAS: 68 CM X 200 CM COMPOSICI\u00d3N MATERIALES: 70 % poli\u00e9ster, 30 % VISCOSA. GASTOS DE ENV\u00cdO INCLUIDOS EN EL PECIO.\" \/>\n<meta property=\"og:url\" content=\"https:\/\/www.enabags.es\/index.php\/producto\/bufanda-manchas-gris-y-negra\/\" \/>\n<meta property=\"og:site_name\" content=\"Enabags\" \/>\n<meta property=\"article:publisher\" content=\"https:\/\/www.facebook.com\/enabags.es\/\" \/>\n<meta property=\"article:modified_time\" content=\"2025-06-01T13:49:07+00:00\" \/>\n<meta property=\"og:image\" content=\"https:\/\/www.enabags.es\/wp-content\/uploads\/2023\/02\/WhatsApp-Image-2023-02-02-at-17.17.07-19.jpeg\" \/>\n\t<meta property=\"og:image:width\" content=\"1024\" \/>\n\t<meta property=\"og:image:height\" content=\"768\" \/>\n\t<meta property=\"og:image:type\" content=\"image\/jpeg\" \/>\n<meta name=\"twitter:card\" content=\"summary_large_image\" \/>\n<script type=\"application\/ld+json\" class=\"yoast-schema-graph\">{\"@context\":\"https:\/\/schema.org\",\"@graph\":[{\"@type\":\"WebPage\",\"@id\":\"https:\/\/www.enabags.es\/index.php\/producto\/bufanda-manchas-gris-y-negra\/\",\"url\":\"https:\/\/www.enabags.es\/index.php\/producto\/bufanda-manchas-gris-y-negra\/\",\"name\":\"BUFANDA ESTAMPADO MANCHAS GRIS Y NEGRA - Enabags\",\"isPartOf\":{\"@id\":\"https:\/\/www.enabags.es\/#website\"},\"datePublished\":\"2023-02-01T18:03:30+00:00\",\"dateModified\":\"2025-06-01T13:49:07+00:00\",\"breadcrumb\":{\"@id\":\"https:\/\/www.enabags.es\/index.php\/producto\/bufanda-manchas-gris-y-negra\/#breadcrumb\"},\"inLanguage\":\"es\",\"potentialAction\":[{\"@type\":\"ReadAction\",\"target\":[\"https:\/\/www.enabags.es\/index.php\/producto\/bufanda-manchas-gris-y-negra\/\"]}]},{\"@type\":\"BreadcrumbList\",\"@id\":\"https:\/\/www.enabags.es\/index.php\/producto\/bufanda-manchas-gris-y-negra\/#breadcrumb\",\"itemListElement\":[{\"@type\":\"ListItem\",\"position\":1,\"name\":\"Portada\",\"item\":\"https:\/\/www.enabags.es\/\"},{\"@type\":\"ListItem\",\"position\":2,\"name\":\"Tienda\",\"item\":\"https:\/\/www.enabags.es\/index.php\/tienda\/\"},{\"@type\":\"ListItem\",\"position\":3,\"name\":\"BUFANDA ESTAMPADO MANCHAS GRIS Y NEGRA\"}]},{\"@type\":\"WebSite\",\"@id\":\"https:\/\/www.enabags.es\/#website\",\"url\":\"https:\/\/www.enabags.es\/\",\"name\":\"ENABAGS.ES\",\"description\":\"ENABAGS\",\"potentialAction\":[{\"@type\":\"SearchAction\",\"target\":{\"@type\":\"EntryPoint\",\"urlTemplate\":\"https:\/\/www.enabags.es\/?s={search_term_string}\"},\"query-input\":\"required name=search_term_string\"}],\"inLanguage\":\"es\"}]}<\/script>\n<!-- \/ Yoast SEO plugin. -->","yoast_head_json":{"title":"BUFANDA ESTAMPADO MANCHAS GRIS Y NEGRA - Enabags","robots":{"index":"index","follow":"follow","max-snippet":"max-snippet:-1","max-image-preview":"max-image-preview:large","max-video-preview":"max-video-preview:-1"},"canonical":"https:\/\/www.enabags.es\/index.php\/producto\/bufanda-manchas-gris-y-negra\/","og_locale":"es_ES","og_type":"article","og_title":"BUFANDA ESTAMPADO MANCHAS GRIS Y NEGRA - Enabags","og_description":"Bufanda color GRIS Y NEGRA con detalles de manchas. S\u00faper calentita y c\u00f3moda, ideal para un outfit formal o informal. MEDIDAS: 68 CM X 200 CM COMPOSICI\u00d3N MATERIALES: 70 % poli\u00e9ster, 30 % VISCOSA. GASTOS DE ENV\u00cdO INCLUIDOS EN EL PECIO.","og_url":"https:\/\/www.enabags.es\/index.php\/producto\/bufanda-manchas-gris-y-negra\/","og_site_name":"Enabags","article_publisher":"https:\/\/www.facebook.com\/enabags.es\/","article_modified_time":"2025-06-01T13:49:07+00:00","og_image":[{"width":1024,"height":768,"url":"https:\/\/www.enabags.es\/wp-content\/uploads\/2023\/02\/WhatsApp-Image-2023-02-02-at-17.17.07-19.jpeg","type":"image\/jpeg"}],"twitter_card":"summary_large_image","schema":{"@context":"https:\/\/schema.org","@graph":[{"@type":"WebPage","@id":"https:\/\/www.enabags.es\/index.php\/producto\/bufanda-manchas-gris-y-negra\/","url":"https:\/\/www.enabags.es\/index.php\/producto\/bufanda-manchas-gris-y-negra\/","name":"BUFANDA ESTAMPADO MANCHAS GRIS Y NEGRA - Enabags","isPartOf":{"@id":"https:\/\/www.enabags.es\/#website"},"datePublished":"2023-02-01T18:03:30+00:00","dateModified":"2025-06-01T13:49:07+00:00","breadcrumb":{"@id":"https:\/\/www.enabags.es\/index.php\/producto\/bufanda-manchas-gris-y-negra\/#breadcrumb"},"inLanguage":"es","potentialAction":[{"@type":"ReadAction","target":["https:\/\/www.enabags.es\/index.php\/producto\/bufanda-manchas-gris-y-negra\/"]}]},{"@type":"BreadcrumbList","@id":"https:\/\/www.enabags.es\/index.php\/producto\/bufanda-manchas-gris-y-negra\/#breadcrumb","itemListElement":[{"@type":"ListItem","position":1,"name":"Portada","item":"https:\/\/www.enabags.es\/"},{"@type":"ListItem","position":2,"name":"Tienda","item":"https:\/\/www.enabags.es\/index.php\/tienda\/"},{"@type":"ListItem","position":3,"name":"BUFANDA ESTAMPADO MANCHAS GRIS Y NEGRA"}]},{"@type":"WebSite","@id":"https:\/\/www.enabags.es\/#website","url":"https:\/\/www.enabags.es\/","name":"ENABAGS.ES","description":"ENABAGS","potentialAction":[{"@type":"SearchAction","target":{"@type":"EntryPoint","urlTemplate":"https:\/\/www.enabags.es\/?s={search_term_string}"},"query-input":"required name=search_term_string"}],"inLanguage":"es"}]}},"_links":{"self":[{"href":"https:\/\/www.enabags.es\/index.php\/wp-json\/wp\/v2\/product\/1384","targetHints":{"allow":["GET"]}}],"collection":[{"href":"https:\/\/www.enabags.es\/index.php\/wp-json\/wp\/v2\/product"}],"about":[{"href":"https:\/\/www.enabags.es\/index.php\/wp-json\/wp\/v2\/types\/product"}],"replies":[{"embeddable":true,"href":"https:\/\/www.enabags.es\/index.php\/wp-json\/wp\/v2\/comments?post=1384"}],"wp:attachment":[{"href":"https:\/\/www.enabags.es\/index.php\/wp-json\/wp\/v2\/media?parent=1384"}],"wp:term":[{"taxonomy":"product_cat","embeddable":true,"href":"https:\/\/www.enabags.es\/index.php\/wp-json\/wp\/v2\/product_cat?post=1384"},{"taxonomy":"product_tag","embeddable":true,"href":"https:\/\/www.enabags.es\/index.php\/wp-json\/wp\/v2\/product_tag?post=1384"}],"curies":[{"name":"wp","href":"https:\/\/api.w.org\/{rel}","templated":true}]}}

<p>Bufanda color GRIS Y NEGRA con detalles de manchas. Súper calentita y cómoda, ideal para un outfit formal o informal.</p>

<p style="text-align: center;">Bufanda color GRIS Y NEGRA con detalles de manchas. Súper calentita y cómoda, ideal para un outfit formal o informal.</p>
<p style="text-align: center;">MEDIDAS: 68 CM X 200 CM</p>
<p style="text-align: center;">COMPOSICIÓN MATERIALES: 70 % poliéster, 30 % VISCOSA.</p>
<p style="text-align: center;">GASTOS DE ENVÍO INCLUIDOS EN EL PECIO.</p>

<!-- This site is optimized with the Yoast SEO plugin v21.9.1 - https://yoast.com/wordpress/plugins/seo/ -->
<title>BUFANDA ESTAMPADO MANCHAS GRIS Y NEGRA - Enabags</title>
<meta name="robots" content="index, follow, max-snippet:-1, max-image-preview:large, max-video-preview:-1" />
<link rel="canonical" href="https://www.enabags.es/index.php/producto/bufanda-manchas-gris-y-negra/" />
<meta property="og:locale" content="es_ES" />
<meta property="og:type" content="article" />
<meta property="og:title" content="BUFANDA ESTAMPADO MANCHAS GRIS Y NEGRA - Enabags" />
<meta property="og:description" content="Bufanda color GRIS Y NEGRA con detalles de manchas. Súper calentita y cómoda, ideal para un outfit formal o informal. MEDIDAS: 68 CM X 200 CM COMPOSICIÓN MATERIALES: 70 % poliéster, 30 % VISCOSA. GASTOS DE ENVÍO INCLUIDOS EN EL PECIO." />
<meta property="og:url" content="https://www.enabags.es/index.php/producto/bufanda-manchas-gris-y-negra/" />
<meta property="og:site_name" content="Enabags" />
<meta property="article:publisher" content="https://www.facebook.com/enabags.es/" />
<meta property="article:modified_time" content="2025-06-01T13:49:07+00:00" />
<meta property="og:image" content="https://www.enabags.es/wp-content/uploads/2023/02/WhatsApp-Image-2023-02-02-at-17.17.07-19.jpeg" />
	<meta property="og:image:width" content="1024" />
	<meta property="og:image:height" content="768" />
	<meta property="og:image:type" content="image/jpeg" />
<meta name="twitter:card" content="summary_large_image" />
<script type="application/ld+json" class="yoast-schema-graph">{"@context":"https://schema.org","@graph":[{"@type":"WebPage","@id":"https://www.enabags.es/index.php/producto/bufanda-manchas-gris-y-negra/","url":"https://www.enabags.es/index.php/producto/bufanda-manchas-gris-y-negra/","name":"BUFANDA ESTAMPADO MANCHAS GRIS Y NEGRA - Enabags","isPartOf":{"@id":"https://www.enabags.es/#website"},"datePublished":"2023-02-01T18:03:30+00:00","dateModified":"2025-06-01T13:49:07+00:00","breadcrumb":{"@id":"https://www.enabags.es/index.php/producto/bufanda-manchas-gris-y-negra/#breadcrumb"},"inLanguage":"es","potentialAction":[{"@type":"ReadAction","target":["https://www.enabags.es/index.php/producto/bufanda-manchas-gris-y-negra/"]}]},{"@type":"BreadcrumbList","@id":"https://www.enabags.es/index.php/producto/bufanda-manchas-gris-y-negra/#breadcrumb","itemListElement":[{"@type":"ListItem","position":1,"name":"Portada","item":"https://www.enabags.es/"},{"@type":"ListItem","position":2,"name":"Tienda","item":"https://www.enabags.es/index.php/tienda/"},{"@type":"ListItem","position":3,"name":"BUFANDA ESTAMPADO MANCHAS GRIS Y NEGRA"}]},{"@type":"WebSite","@id":"https://www.enabags.es/#website","url":"https://www.enabags.es/","name":"ENABAGS.ES","description":"ENABAGS","potentialAction":[{"@type":"SearchAction","target":{"@type":"EntryPoint","urlTemplate":"https://www.enabags.es/?s={search_term_string}"},"query-input":"required name=search_term_string"}],"inLanguage":"es"}]}</script>
<!-- / Yoast SEO plugin. -->

Bufanda color GRIS Y NEGRA con detalles de manchas. Súper calentita y cómoda, ideal para un outfit formal o informal. MEDIDAS: 68 CM X 200 CM COMPOSICIÓN MATERIALES: 70 % poliéster, 30 % VISCOSA. GASTOS DE ENVÍO INCLUIDOS EN EL PECIO.
